(-65492)/(-68). Suppose -11*x = -q - 14*x + 249, 4*q - r = -x. What are the prime factors of q?
2, 3, 5
Suppose -12*y + 97 + 47 = 0. Suppose 1075 = z - u + 4*u, 3*u = y. What are the prime factors of z?
1063
Let g = 3262 + -2500. What are the prime factors of g?
2, 3, 127
Suppose 0 = -5*q + 2*i + 12, 2*i = 4*q - i - 11. Suppose 2*y = -n + 293, -7*n - q*y + 1148 = -3*n. What are the prime factors of n?
3, 5, 19
Suppose -55*t + 524 = -51*t. Let x = t + 161. List the prime factors of x.
2, 73
Suppose 0 = 3*j + f - 0*f - 43369, -f = -j + 14451. What are the prime factors of j?
5, 7, 59
Suppose 3*g + 0*g - 2*l = 54, 2*l - 26 = -g. Suppose -g*v + 16*v + 388 = 0. Suppose -2*w + w + v = 0. List the prime factors of w.
97
Let q = 395 - 144. Suppose -q - 3109 = -10*r. What are the prime factors of r?
2, 3, 7
Let q(r) = 9*r + 272. Let w be q(-14). Let u(s) = s**3 + s**2 + s - 74. Let v be u(0). Let t = v + w. List the prime factors of t.
2, 3
Let r = 29170 + -15037. What are the prime factors of r?
3, 7, 673
Let u(z) = -3420*z - 7444. List the prime factors of u(-19).
2, 29, 31
Let h be 226/4*60/10. Suppose o = 5*r - r + h, -2*o + 708 = 2*r. What are the prime factors of o?
3, 13
Let c(u) = -54*u - 4175. What are the prime factors of c(-117)?
2143
Suppose 2*c + 4*q + 32 = 0, -q = 1 + 4. Let w(i) = -i**2 - 8*i - 13. Let l be w(c). What are the prime factors of (4*l/(-8))/((-4)/(-256))?
2
Let b(u) = -68*u**3 - 3*u**2 + 22*u + 82. What are the prime factors of b(-8)?
2, 3, 5, 1151
Let m(l) = l**2 - 5*l - 6. Let a be m(4). Let w = 15 + a. Suppose 68 - 293 = -w*q. What are the prime factors of q?
3, 5
Let y(m) = m**3 + 14*m**2 + 45*m + 3. Let o be y(-5). Suppose -2*h - 190 - 364 = -r, 2*r = o*h + 1112. What are the prime factors of r?
2, 281
Let k = 216 - 67. Suppose m - k - 625 = 0. What are the prime factors of m?
2, 3, 43
Let t = 259 - 133. Let z = t - 10. Suppose 0 = n - 0*n - z. What are the prime factors of n?
2, 29
Suppose -3*g = 2 - 23, 0 = -4*w + g + 30761. What are the prime factors of w?
2, 3, 641
Let z(o) = -4*o + 34. Let c be z(8). Suppose -100 = -0*x - c*x. List the prime factors of ((-132)/(-15))/(4/x).
2, 5, 11
Suppose -m + 2 = -2*h - 3*m, -2*h + m = -10. Let i(q) = 18*q + 12. Let p be i(h). List the prime factors of (-1 - p*2)/(-1).
7, 19
Let o(x) = -23*x**3 - 6*x**2 + 9*x + 12. Let j be o(-5). Suppose -30*p - 3*z + 1352 = -29*p, -2*p + j = 3*z. List the prime factors of p.
2, 5, 67
Let d(z) = 6*z**2 + 143*z - 255. What are the prime factors of d(40)?
5, 23, 131
Let s = -106634 - -177507. What are the prime factors of s?
11, 17, 379
Suppose 120*q - 109*q + 858 = 0. Let r = 69 + -171. Let z = q - r. List the prime factors of z.
2, 3
Suppose q - 1 - 61 = 0. Let n = q - 59. List the prime factors of 161/21 + (-2)/n.
7
Let f(n) = -30*n - 110. Let u be f(-5). List the prime factors of ((-8)/u)/((-5)/(-56325)*-3).
751
Let r(c) = -31*c**3 + 5*c**2 - 1. Let p be r(-2). Let u = 269 + p. What are the prime factors of u?
2, 67
What are the prime factors of (13 + (-552)/36)*(-1113)/1?
7, 53
Suppose 0 = 4*o - 132 + 12. Suppose 3*s = p - 9, -p = 5*s - 0*s - 1. List the prime factors of (460/o)/(2/p).
2, 23
Let n = -23480 - -69542. List the prime factors of n.
2, 3, 853
Let u = -60231 - -123007. What are the prime factors of u?
2, 7, 19, 59
Let s be 99 - 4 - (-1 - (2 - 0)). List the prime factors of 4 + s + 0 + (4 - 8).
2, 7
List the prime factors of (-477191)/(-22) + -8 - (-21)/(-6).
7, 19, 163
Suppose -2*v - 2*v - 11*v = 0. Let l be 1 + 0 - v - (-2 + 10). Let a(o) = -2*o**3 - 11*o**2 + 7*o - 2. What are the prime factors of a(l)?
2, 3
Suppose -3*z = -3*a + 12 - 3, -5*a + 2*z + 9 = 0. Let i = -1539 + 1543. What are the prime factors of a + (i - 2 - (-306)/3)?
3, 5, 7
Let j(s) = -s**3 - s**2 + 8. Let t(c) = c**3 - 9*c**2 + 7*c + 8. Let w be t(8). Let m be j(w). What are the prime factors of 82 - ((-16)/4 + m)?
2, 3, 13
Let c(l) = 127*l - 7. Let t(v) = -128*v + 8. Let b(m) = 5*c(m) + 4*t(m). Let s be b(8). Suppose 0*i + s = 9*i. List the prime factors of i.
109
Let x be (-2)/6*-11*(-789)/(-263). Suppose -12*v = -x*v - 2*c - 370, 3*c = 4*v - 1465. What are the prime factors of v?
2, 7, 13
Suppose -3*v - 15 - 12 = 0. List the prime factors of 1500/(-3)*(v/4)/3.
3, 5
Let u(x) = -x**3 + 2*x**2 + 6*x - 2. Let c be u(4). What are the prime factors of (-996)/(-3) - c/((-30)/6)?
2, 3, 5, 11
Let j = -8498 - -9587. What are the prime factors of j?
3, 11
Suppose 14*c - 2372 = -5*i + 12*c, 4*i + 4*c - 1888 = 0. Suppose 0 = -2*t + i + 1528. What are the prime factors of t?
2, 3, 167
Let b(d) = -d**2 + 7*d - 3. Let p be b(6). Suppose 6*c - p*c - 24 = 0. What are the prime factors of (129/12)/(1/c)?
2, 43
Let g(v) = -v**2 - 4*v + 21. Let j be g(-7). Suppose 4*x + o - 1416 = -j*o, -2*x + 708 = -2*o. List the prime factors of x.
2, 3, 59
List the prime factors of (-2)/34 - 1718725/(-425).
2, 3, 337
Let o(p) = 2*p**2 + 13*p - 10. Let j = 24 + -31. Let q be o(j). List the prime factors of ((-1)/2)/(q/150) + 2.
3
Suppose 5*j = -5*t + 2915, -4*t = 10*j - 7*j - 1753. Let u = 238 + j. What are the prime factors of u?
19, 43
Let d = 98 + -93. Suppose d*z - 11*z + 12 = 0. Suppose 0 = -z*s + 4*s - 5*g - 93, -g - 48 = -s. What are the prime factors of s?
7
Let q = -7848 - -81431. What are the prime factors of q?
73583
Suppose -2*m + 4*m - 26090 = -5*y, -52252 = -4*m + 2*y. What are the prime factors of m?
2, 5, 653
Let d = 63 + -90. Let h = d + 43. What are the prime factors of (-4)/(-16) - (-1228)/h?
7, 11
Suppose 4*v + 7*t - 47655 = 12*t, -v = 3*t - 11918. List the prime factors of v.
5, 2383
Suppose -q = -b - 15, -20 = 3*b + 3*q + 43. Let j(h) = -40*h + 49. Let d be j(b). Suppose d - 2056 = -11*s. List the prime factors of s.
3, 13
Suppose -4*i + 168 = 2*t, 5*t - 200 = 2*i - 7*i. Suppose -w - 5*n - i = -216, w - n = 172. What are the prime factors of w/6 + 1/3?
29
Let o be (3/2)/((-3)/(-6)). Let t(c) = c**2 - c - 5*c**2 + 13 - 13 - 5*c**o. List the prime factors of t(-3).
2, 3, 17
Suppose 0 = 10*g - 14*g + 16. Suppose -40 = -6*q - g*q. Suppose t = 5*k + 186, -3*t + 190 = -2*t - q*k. List the prime factors of t.
2, 103
Let a = -8 - -6. Let v(r) be the second derivative of -31*r**3/6 - r**2/2 + 6*r - 43. List the prime factors of v(a).
61
List the prime factors of (-2)/(-10) - (-419814)/830.
2, 11, 23
Let w(y) = -4774*y + 304. List the prime factors of w(-4).
2, 5, 97
Let j = 14132 - 10824. List the prime factors of j.
2, 827
Suppose 0 = -q - x + 4*x + 4, 4*q = 2*x + 16. Suppose -4*z + 20 = 3*m + 6, z - q = -m. Suppose m*o = 6*o - 484. What are the prime factors of o?
11
Suppose 2*l + 20 = -4*u + 4*l, -3*u + 4*l = 25. What are the prime factors of (166/u)/(1 + (-50)/45)?
2, 3, 83
Suppose 0 = 907*r - 901*r - 61506. Suppose -r = -13*t + 6337. What are the prime factors of t?
2, 11, 29
Let f = 28642 - 18597. What are the prime factors of f?
5, 7, 41
Let g(n) = 71*n**2 - 51*n + 18. Let k be g(-13). Suppose -3*u = -2*u + k. List the prime factors of (-3)/21 - u/70.
181
Suppose 2099 = q + 4*i - 5*i, -2*q - 3*i + 4198 = 0. Suppose 4*p + 591 = q. List the prime factors of p.
13, 29
Let r(v) = -6 - 8 - 5 + 9*v**2 + 5. Suppose 2*j + 116 = 124. List the prime factors of r(j).
2, 5, 13
Let t(o) = 4*o - 6. Let w be t(9). Suppose 0 = -3*q - 9 + w. What are the prime factors of 4/(-14) + 331/q?
47
Let l = 53450 - 35192. List the prime factors of l.
2, 3, 17, 179
Let f(v) = -5*v - 92. Let r be f(-19). Suppose -r*n + 65 = 2*x, 2*n - 8 = 2. List the prime factors of x.
5
Suppose 16*s - 370279 = 52585. What are the prime factors of s?
13, 19, 107
Let d be 78/8 - 31/(-124). List the prime factors of 101*(d + (6 - 3 - 7)).
2, 3, 101
Let k = 278 + -153. Suppose -5*q + 465 - k = 0. Suppose -65*p = -q*p + 564. List the prime factors of p.
2, 47
What are the prime factors of (-1)/(-6)*71542 + 485/1455?
2, 11, 271
Let a = 8446 + 13846. List the prime factors of a.
2, 5573
Let q = -37453 - -54793. List the prime factors of q.
2, 3, 5, 17
Let r(v) = 1096*v + 3593. What are the prime factors of r(38)?
7, 23, 281
Let f = -941 - -945. Let v be (-4)/18 - 40/(-18). Suppose f*q + v*o - 166 = o, -2*q + 94 = -5*o. What are the prime factors of q?
2, 3, 7
Let i be 56/14*60/16. What are the prime factors of (-492)/8